06 = -15*m - 41. What is the greatest common divisor of m and v?
11
Let k(g) = 11*g**2 + g + 2. Let d be k(1). Let s be (28/(-6))/(3/(-72)). Calculate the greatest common factor of d and s.
14
Let x(k) = 24*k**3 - k**2 + 2*k - 2. Let p be x(1). What is the highest common divisor of 46 and p?
23
Let v be (-9)/(45/20) - 50. Let p = 63 + v. What is the highest common divisor of 27 and p?
9
Suppose 11 - 3 = 4*h. Suppose 5*x - 324 = r, 2*x + h*x + 4*r - 240 = 0. Calculate the highest common divisor of x and 16.
16
Suppose 677 + 10186 = 71*k. Let o(b) = 2*b**2 + 6*b - 3. Let w be o(-5). Calculate the highest common factor of w and k.
17
Let f(q) = q + 11. Let c be ((-2)/3)/(4/30). Let v be f(c). Suppose v = -4*a + 7*a. Calculate the highest common divisor of 3 and a.
1
Let g(a) = a**2 + 6*a - 2. Let d be g(-6). Let k be ((-28)/5)/(d/5). Suppose 6*j + 5*t = 3*j + k, 2 = -t. Calculate the highest common factor of j and 2.
2
Let m(v) = -v + 6. Let f be m(-6). Let i be 6/9*1*f. Let n(o) = o**2 + 26*o + 96. Let y be n(-22). What is the greatest common divisor of i and y?
8
Suppose -f - 1 = -5. Suppose 0*j + 124 = f*j. Let a be (4 - j)*(-1)/1. Calculate the highest common divisor of a and 9.
9
Let o = -68 + 71. Suppose -31 = -4*z + 3*z. Let i = -10 + z. Calculate the greatest common factor of o and i.
3
Let z(k) = k**3 + 14*k**2 - 16*k - 21. Let v be z(-15). Let y = v - -102. Calculate the highest common factor of y and 24.
24
Suppose -5 - 15 = 4*i, -2*w + 5*i = -33. Suppose -w*r + 2*u + 930 = 0, 4*r - 5*r - 3*u = -215. What is the greatest common factor of 10 and r?
10
Let v be 1/2*(1 + 15). Suppose 0 = -4*i - 3*s + 128, -1 - 15 = 4*s. Suppose 5*y - 5 = i. Calculate the greatest common factor of v and y.
8
Suppose -49*m - 160 = -59*m. Calculate the highest common divisor of 88 and m.
8
Suppose 23*y - 176 = -4*i + 19*y, -3*i = -4*y - 104. Calculate the highest common factor of 80 and i.
40
Suppose 4*d - 6*d = -104. Let m = d + -106. Let n = m + 79. Calculate the highest common divisor of 5 and n.
5
Let y = 45 - 43. Suppose 6*z = y*z + 36. What is the greatest common factor of 27 and z?
9
Let f(w) = 8*w**3 - 22*w**2 + 19*w + 3. Let g be f(1). Let h = 5 + -3. What is the greatest common divisor of g and h?
2
Suppose 2*d - 1360 + 1318 = 0. What is the highest common factor of 1281 and d?
21
Suppose -778 = -2*n + 182. Suppose 4*f - v = 394, -9*f - 5*v = -4*f - n. Calculate the greatest common factor of 42 and f.
14
Suppose 0 = 4*y - 6 - 38. Let b be (-3*44/10)/((-24)/160). What is the greatest common divisor of y and b?
11
Let w = 56 - 76. Let k be -9*w/24*2. Calculate the greatest common divisor of k and 20.
5
Suppose t = -3*i + 7, 5*t + 3*i = 3*t + 11. Suppose -622 = -2*u + 4*j, t*u - 1074 = -2*j + 120. Calculate the greatest common divisor of u and 43.
43
Let o(k) = -56*k + 0 - 61*k - 6 + 115*k. Let v be o(-5). Calculate the highest common factor of v and 2.
2
Suppose 54 - 374 = -40*h. What is the highest common divisor of 808 and h?
8
Let i be 5 + ((-4)/(-30) - 160/75). Let t be -13*(i - (-5 - -9)). Calculate the greatest common factor of t and 78.
13
Suppose 0 = -19*u + 25*u - 834. Let w = -127 + u. Calculate the highest common divisor of w and 54.
6
Let r be 26/((-650)/(-45))*40/6. Calculate the highest common divisor of 172 and r.
4
Let k(o) = o**2 + 11*o + 4. Let b be k(-5). Let q = 37 + b. Suppose 6*f = 7*f - q. What is the greatest common divisor of f and 99?
11
Let j(f) = 2*f - 4*f - f + 0*f - 17. Let h be j(-7). Suppose -h*k - 5*q = -375, k - 4*k - 3*q + 279 = 0. What is the highest common divisor of k and 36?
18
Let h be (-2260)/(-10) + (2*5)/(-2). What is the highest common factor of 119 and h?
17
Suppose 5*a - 10 = -2*v + 140, 5*v + 115 = 5*a. What is the highest common factor of 7 and a?
7
Suppose 0 = -2*k - 6*u + 234, 8*k - 2*u = 10*k - 238. Calculate the highest common factor of 45 and k.
15
Let c = 43 + -41. Suppose 3*r - 40 = -c*r. Suppose -10 = -4*f + 6. What is the greatest common divisor of f and r?
4
Suppose -x = 3*x - 8*x. Suppose 0 = 3*d + 2*n - 76, -d - n = -x*d - 24. Calculate the highest common factor of 42 and d.
14
Suppose -k = -3*r + 571, -14*r = -10*r + 4*k - 788. Calculate the greatest common divisor of r and 72.
24
Let n(r) be the third derivative of -5*r**4/24 - 5*r**3/2 - r**2. Let f be n(-7). Calculate the greatest common factor of 10 and f.
10
Let w(d) = -2*d**3 - 5*d**2 - 8*d - 4. Let p be w(-2). Calculate the highest common factor of p and 9.
1
Let k = -12 - -17. Let x be (-1)/7 - (16 - 2664/126). What is the highest common factor of k and x?
5
Let x(z) = 2*z - 6. Let r be x(5). Suppose -5*q + r*q = -159. Let h = -60 + q. What is the highest common divisor of h and 11?
11
Suppose 40*m - 27*m - 689 = 0. Calculate the greatest common divisor of m and 689.
53
Let a(p) = 12*p - 12. Let k(t) = t + 11. Let m be k(-3). Let l be a(m). What is the greatest common divisor of 21 and l?
21
Let c = 1553 - 662. What is the greatest common divisor of c and 22?
11
Let h = 292 - -88. Calculate the highest common factor of 19 and h.
19
Suppose -t - 3*t = -8. Suppose -21 = -5*u - t*f + f, 5*f = u - 25. Calculate the greatest common divisor of u and 40.
5
Suppose 4*m + 24 = -2*y + 408, y - 3*m - 177 = 0. Calculate the greatest common divisor of 6 and y.
6
Let z = -149 - -221. What is the greatest common factor of z and 81?
9
Let g = -39 - -17. Let l = g + 28. What is the greatest common divisor of l and 9?
3
Let g(x) be the first derivative of -x**4/4 - 4*x**3/3 - 3*x**2/2 + 3*x - 31. Let q be g(-3). Calculate the greatest common divisor of q and 6.
3
Suppose 41 = 5*h - 69. Let p be 1/(-2) + 6/12. Suppose p = -5*b + 310 + 130. Calculate the greatest common divisor of b and h.
22
Let b = 387 - 361. Calculate the greatest common divisor of 416 and b.
26
Let o be 455 + (-6)/(-5)*30/(-9). What is the greatest common divisor of o and 11?
11
Let m be (5/(-3))/(365/(-1314)). Let d be 1*(1 - -30) - 1. Calculate the greatest common divisor of d and m.
6
Let a(u) = -u**3 - 2*u**2 - 4. Let l be a(-3). Let c(v) = -v**2 + 219*v - 1469. Let b be c(7). Calculate the greatest common factor of l and b.
5
Suppose 0 = -5*o - 2*n + 385, -o + 51 = 2*n - 26. What is the greatest common divisor of o and 11?
11
Let b be (-130)/(-6) + (-14)/210*-20. Let q be ((-18)/(-4))/((-1)/(-46)). What is the highest common factor of q and b?
23
Let d(a) = 2*a + 9. Let b(y) = 3*y + 14. Let p(v) = 5*b(v) - 8*d(v). Let z be p(-4). Suppose -27 = -z*w + 9. What is the highest common factor of 2 and w?
2
Suppose 155*v = 151*v + 648. Suppose -4*a + 47 = 5*s - 30, -3*a + 55 = s. What is the greatest common divisor of a and v?
18
Suppose -6 = -d - 0*d. Suppose 22*c - 8 = 18*c. Suppose h - 5*h = c*a - 12, 3*h = a + 9. Calculate the greatest common factor of h and d.
3
Suppose 5*m = -25, 5*b + m = 4*m + 820. Suppose 2181 = 10*u + 1951. Calculate the highest common divisor of u and b.
23
Let f(d) be the third derivative of -1/60*d**5 + 2/3*d**4 + 0 + 7*d**2 - d**3 + 0*d. Let u be f(8). What is the highest common divisor of 29 and u?
29
Suppose 2*w - 120 = -2*w. Let d(l) = -2*l**3 + 3*l**2 + 4*l + 3. Let a be d(-2). Suppose -4*f + 57 = -a. What is the greatest common divisor of f and w?
10
Let s be 164/(-10) - 2/(-5). Let o be ((-72)/(-32))/(6/80). Let q = o + s. Calculate the highest common divisor of q and 21.
7
Let z = 76 + -54. Suppose 2*m - 4 - z = 0. Calculate the greatest common divisor of 13 and m.
13
Let f be (12 - (-2)/(-1)) + -1. Let c(j) = 6*j. Let o be c(3). What is the highest common divisor of o and f?
9
Let l = -449 - -491. What is the greatest common divisor of l and 98?
14
Suppose 0 = -0*r - 8*r + 1824. What is the highest common divisor of 57 and r?
57
Let j = -368 + 843. What is the greatest common factor of 25 and j?
25
Let s be (204/(-8))/3*-4. Let a = -16 + s. Calculate the highest common divisor of a and 9.
9
Suppose 12*r = 15*r - 81. Suppose 2*t + 17 = 23. What is the highest common factor of t and r?
3
Let l be ((6/6)/(-1))/((-3)/57). Calculate the greatest common factor of 38 and l.
19
Let n(d) = 100*d**2 - 2*d + 2. Let l = 33 - 32. Let x be n(l). What is the greatest common divisor of 20 and x?
20
Let v(d) = -6*d - 7. Let b be v(-2). Let h = b + 6. What i